*o = -o + 18. Let v be (-32)/12*(-110 - o). What is the greatest common divisor of 18 and v?
18
Let d be ((-6)/(-5)*1)/((-6)/(-20)). Suppose -d*w - w = 5*t - 25, -5*w = 3*t - 33. Suppose -2*z - 2849 = -w*z. Calculate the highest common divisor of 37 and z.
37
Let w(j) = 35*j**2 + 168*j + 959. Let p be w(-6). What is the highest common factor of 91 and p?
7
Let u = 1624 - 726. What is the greatest common divisor of u and 2?
2
Let h(v) be the first derivative of 25*v**2/2 - 9*v + 10. Let r be h(1). What is the greatest common factor of 64 and r?
16
Let h = 19 - 18. Let s(l) be the first derivative of -l**3/3 - 3*l**2 + 9*l - 13. Let a be s(-6). Calculate the greatest common factor of a and h.
1
Suppose 7*o - 201 - 1274 + 19 = 0. Suppose -5*d - x = -60, -6*x = 3*d - 2*x - 19. What is the greatest common divisor of o and d?
13
Let d = -647 - -691. What is the highest common divisor of 33 and d?
11
Let w be (5 + -4)*1 - -60. Let i = 137 - w. Suppose 3*h = -n + 177, -4*h + 3*n + 173 = -i. What is the highest common divisor of h and 12?
12
Suppose -3*b + 80 - 2 = -4*u, 3*b - 5*u = 81. What is the highest common divisor of 2662 and b?
22
Suppose -5*n - 1848 = 4*d, 2*n - 2*d + 732 = -0*n. Let a be n/(48/(-6) + 7). What is the greatest common factor of 23 and a?
23
Let o(q) = 119*q + 1. Let z be o(1). Suppose n = -2*n + z. Let y(c) = -21*c - 306. Let x be y(-16). Calculate the greatest common divisor of n and x.
10
Let i = -15 - -18. Let u = i + -13. Let a = u - -11. Calculate the highest common divisor of a and 7.
1
Let h be (-120)/(-80) + (-5385)/(-2) - 0. What is the greatest common divisor of 36 and h?
6
Suppose -96*v + v + 341296 = -12*v. What is the greatest common divisor of v and 80?
16
Let w(o) = o**3 + 11*o**2 + 8*o + 10. Let s be w(-11). Let g = s - -123. Calculate the greatest common factor of g and 18.
9
Let n = 3968 + -3952. What is the greatest common factor of 16896 and n?
16
Let j be 301/63 + (29/9 - 3). Suppose -6*p + 4*p + j*r = 7, r + 1 = p. Suppose p*o = -50 + 182. Calculate the greatest common factor of o and 22.
11
Let k = -178 + 184. Let u(h) = 31*h - 16. Let y be u(k). Calculate the greatest common divisor of 10 and y.
10
Suppose -5856 = 11*d - 17494. Calculate the greatest common factor of d and 1978.
46
Suppose -5*o = -3*d + 652, o + 56 + 79 = -4*d. Let m = 151 + o. Let c be ((-32)/(-5))/(4/100). What is the highest common divisor of c and m?
20
Suppose 330 = 85*g - 19*g. Calculate the highest common divisor of g and 5185.
5
Suppose p - 53075 = -2*y, -13*p - 4 = -17*p. What is the greatest common divisor of y and 119?
119
Let i = 20 - -43. Suppose 0 = -2612*c + 2497*c + 1035. What is the highest common divisor of i and c?
9
Let j(u) = -3*u**3 + 101*u**2 + 39*u - 152. Let n be j(34). What is the greatest common factor of 315 and n?
9
Let g = -72 + 84. Let i be 18*8/g*2. Let y(b) = 14*b**2 - 3*b + 4. Let w be y(4). Calculate the highest common divisor of w and i.
24
Let q = -297 + 311. Let m = 131 - -46. Suppose 3*k - m = -4*g, -3*g - 2*k = -36 - 96. Calculate the highest common divisor of g and q.
14
Suppose 654*v - 669*v + 72180 = 0. What is the greatest common divisor of 60 and v?
12
Let a = 40 - 40. Suppose a = -4*u + 3*d + 29, 0 - 3 = -3*d. What is the greatest common factor of u and 40?
8
Suppose -l = 4*l, -2*l - 400 = -5*n. Suppose 21*i + 1836 = 114*i + 60*i. What is the highest common divisor of n and i?
4
Let x be -14*(-1 + (-3 - -1)). Let t = 512 - 516. Let n be (2 - -2)/(t/(-3)). Calculate the greatest common factor of x and n.
3
Let t be (-7)/14 + (-207)/(-6) + 2. Let k be t/126 + 304/14. Calculate the highest common divisor of 88 and k.
22
Suppose 54810 = 17*k + 18*k. Let w be k/(-81)*6/(-4). Suppose -2*m + 143 = -495. Calculate the greatest common factor of w and m.
29
Let l(z) = 19*z**2 - 2*z + 1. Let a be l(1). Suppose a = 2*c + 44. Let p be (c/2)/((-9)/18). Calculate the greatest common factor of p and 65.
13
Suppose -5*k + 436305 = 80*k. Calculate the greatest common factor of 59 and k.
59
Suppose -221*z = -225*z + 1128. Suppose -5*a + 0*h + 3*h + z = 0, 53 = a - 4*h. Calculate the greatest common divisor of a and 133.
19
Let p = 58 + -39. Let j be (-111)/4 - p/76. Let f = 44 + j. What is the highest common factor of 8 and f?
8
Suppose -5*c - 19285 = -3*a, 34*a + 3*c - 32085 = 29*a. What is the highest common factor of a and 120?
60
Let o = -47 + -113. Let r = 69 + o. Let b = r - -168. What is the greatest common factor of 11 and b?
11
Let q(r) = -r**2 + 9*r - 2. Let b be q(8). Suppose 2*i - 20 = b. Let k = 1801 - 1697. Calculate the highest common divisor of k and i.
13
Let k(u) = 9*u**2 - 35*u + 15. Let s(b) = -4*b**2 + 17*b - 9. Let t(f) = -2*k(f) - 5*s(f). Let m be t(9). What is the greatest common divisor of 105 and m?
21
Suppose -2*n + 3*s + 95 = 0, 4*n - 180 = -0*n + 4*s. Suppose -n - 6 = -2*t. Suppose 3*f - t - 22 = 0. What is the highest common factor of f and 165?
15
Let r be (-7 - (-5 - 8))/((-6)/(-28)). Calculate the highest common divisor of 10 and r.
2
Let s(a) = -a**3 + 8*a**2 - 6*a - 7. Let i be s(5). Let j be (7 - 2 - -3)/2. Suppose 8*u - j*u - 76 = 0. Calculate the highest common divisor of i and u.
19
Suppose -i = -0 - 50. Let t = -55028 + 55578. Calculate the highest common divisor of i and t.
50
Let u = 9 - -2. Suppose -o = -3*w + 445, -5*o - 2225 = 13*w - 16*w. Let f = -444 - o. Calculate the greatest common factor of f and u.
1
Suppose 6*q - 3*q + 201 = z, -2*q = -3*z + 596. What is the greatest common factor of 3366 and z?
198
Let g(d) = 2*d**3 - 8*d**2 - 4*d - 9. Let a be g(7). Suppose -a = -12*y + 139. Suppose 11*i - 149 + 28 = 0. What is the greatest common factor of y and i?
11
Let k(x) = -7 + 91 - 6*x + 0*x + 8*x. Let a be k(13). What is the highest common divisor of 20 and a?
10
Suppose -r = -4*z + 8, -2 = -5*r + 2*z - 6. Suppose r = 3*m - j + 410 - 1519, -j = 5. Calculate the greatest common divisor of m and 16.
16
Suppose -297*v + 18546 + 15006 = 169*v. Calculate the highest common divisor of v and 5526.
18
Suppose 5*i - 235 = 5. Let z(h) = -13 + 2 - 20*h + 4*h**2 + 3*h + 2*h. Let x be z(7). Calculate the highest common factor of i and x.
16
Let i = 116869 + -81911. What is the highest common divisor of i and 154?
154
Let i be (-7 + 0)/((-1)/3). Let s = -45 - -52. Let x(m) = 4*m - 14. Let o be x(s). What is the greatest common factor of o and i?
7
Let n(k) = 10 - 46 + 12*k + 27*k - 33. Let f be n(6). Calculate the greatest common factor of f and 120.
15
Let y(q) = -q**2 + 11*q + 10. Let d be (4*-4)/(-2) - (-2 + 6). Let n be y(d). What is the highest common divisor of 304 and n?
38
Let p(r) be the third derivative of 11*r**6/120 - r**5/60 + r**4/8 - r**3/6 - 49*r**2. Let g be p(1). What is the highest common divisor of 48 and g?
12
Suppose 0 = 2*q + 2*j - 14, -6*q = -9*q - 2*j + 17. Calculate the highest common factor of 2283 and q.
3
Let i = 35476 + -30892. Calculate the highest common divisor of i and 48.
24
Suppose -1586 = 5*h + 1209. Let b = -551 - h. Let u(n) = -n**3 - 3*n**2 + 9*n + 2. Let i be u(-6). Calculate the highest common divisor of i and b.
8
Let p be (-141)/(-12) + 11/44. Suppose -3*u = 3*h - 18, -5*u + 0*h + 75 = -4*h. Suppose -5*i + 4 + u = 0. What is the highest common factor of i and p?
3
Let a(r) = -r**3 - 5*r**2 - 7*r - 4. Suppose 5*o + 4*o + 36 = 0. Let n be a(o). Suppose n*x - 30 = 6*x. What is the highest common divisor of x and 15?
15
Suppose -19*f + 45 + 50 = 0. Suppose -10*d - 108 = -2*g - 7*d, 4*g + f*d - 238 = 0. What is the greatest common divisor of 209 and g?
19
Suppose 2*k - 41 + 5 = -2*b, 4*b - 4*k = 56. Let i be b/4 - (-2 + 0)*1. Suppose 25 - 1 = 4*q. Calculate the greatest common divisor of q and i.
6
Let p be (-2 - (-110)/15)*30/8. Suppose 0 = -3*m - 4*y + p, m + 5*y = 2*y. What is the greatest common factor of m and 18?
6
Let f be (10*(-9)/(-90))/((-4)/(-1488)). What is the highest common divisor of 465 and f?
93
Let h be (-300)/72 + 1/6. Let s be 6/h*12/9. Let n be (-7)/(14/(-4))*(-11)/s. Calculate the greatest common factor of 44 and n.
11
Suppose q + j = 8 + 7, 6*q - 82 = -5*j. Let l(n) = 10*n**2 - 5*n + 2. Let h be l(-4). Calculate the greatest common divisor of q and h.
7
Let s be -5 + 0 + 3920/(2 - -14). What is the highest common 